number?
True
Let c(u) = -u**3 + 16*u**2 - 5*u + 31. Is c(15) composite?
False
Suppose -c - 2003 = -6*c - b, -2*b = 5*c - 2006. Suppose -2*u - 12 - 94 = 0. Let f = u + c. Is f a prime number?
True
Let a be 6 - (8/(-2) - -8). Let d(k) = 14*k - k**a - 10 - k**2 - k**2 + 2*k**2. Is d(9) a prime number?
False
Let q = 20 - 9. Suppose q*b = 10*b + 123. Is b a prime number?
False
Let g = 160295 + -65234. Is g prime?
False
Let m = 103 - 98. Suppose -2*k + 5*s = -99, -m*k - 126 = -8*k + 3*s. Is k a composite number?
False
Suppose 8*x - 51 = -19. Suppose 3*a - 2075 = -x*d, -a = 5*d - 0*a - 2602. Is d composite?
False
Suppose -5*m = 4*i - 18416 - 23233, -5*m - i + 41646 = 0. Is m composite?
False
Suppose n = -v + 634, 2*n + v = -2*n + 2548. Suppose a - n = 4*f - 4*a, -151 = f + 3*a. Let k = -26 - f. Is k composite?
False
Let d = -19 - -23. Suppose -3*y = -4*l - 5*y + 1578, -4*y - 1584 = -d*l. Is l a composite number?
True
Is 25334/4 + (-31)/62 composite?
True
Let j(g) = g**3 + 5*g**2 + 2*g + 4. Let d = -20 - -15. Let a be j(d). Is (-224)/a + 4/(-12) prime?
True
Suppose 5*x + 14003 = 3*o, -x - 1871 = -3*o + 12116. Is o a composite number?
True
Suppose 4*w + 4*j = 240, -2*w - 5*j = -6*w + 267. Let f = w - -14. Is f composite?
True
Let s = -2183 + 5392. Is s prime?
True
Suppose 5*m - 103475 = 2*a, -14*m + 13*m - 3*a = -20695. Is m a prime number?
False
Let v be 1*(-3 - (-1 + (0 - 1))). Let s(x) = -258*x**3 - 2*x - 1. Is s(v) composite?
True
Let z = -350 + 1525. Suppose 3*v + m - z = 0, 0*v - 4*v = -5*m - 1554. Is v a prime number?
False
Let p(j) = -j**3 - j**2 - j + 16547. Is p(0) a prime number?
True
Let z = -18 + 20. Suppose 2814 = z*p - 1968. Suppose f + 2*f = p. Is f a composite number?
False
Let s = -272 + 323. Is s a prime number?
False
Let b(z) = 1505*z**2 - 19*z - 1. Is b(-4) composite?
True
Is ((-84063)/126)/((-2)/12) composite?
False
Let w(f) be the third derivative of 85*f**4/8 + 2*f**3 - f**2. Is w(7) a composite number?
True
Suppose 0 = 2*l - 8*o + 4*o, 5*l + 2*o = 24. Suppose -4*y + 33 = -a + 6*a, -5*a = -l*y - 17. Suppose 0 = y*f - 227 - 71. Is f a composite number?
False
Let c = 96888 + -48965. Is c prime?
False
Suppose -17 = -t - 19, 4*z - 3*t = 23170. Is z a prime number?
True
Suppose 0 = 2*i - 3*p - 5410, 8*p - 3*p + 10816 = 4*i. Is i composite?
False
Let v(k) = -k**3 - k**2 - k. Let c(i) = -5*i**3 - i**2 + 2*i - 11. Let h(s) = -c(s) + 6*v(s). Is h(-8) a prime number?
False
Let g(y) = 8*y - 19. Let s be g(3). Suppose 3*j - s*j = 3*i - 623, 3*j + 5*i - 936 = 0. Is j a composite number?
False
Let w be ((-16)/20)/2 - 27624/15. Let r = w - -5671. Is r a prime number?
False
Let l = -835 - -560. Let a = 538 + l. Is a composite?
False
Let z = -743 + -497. Let l = z + 2279. Is l prime?
True
Suppose 4*d + 6 = 22. Is 1*(d + -3 + 1822) a prime number?
True
Let d(h) = 220*h + 403. Is d(19) a composite number?
False
Let q be (6/(-5))/(36/(-90)). Suppose 5*g = -q*n + 1267, -g = 1 - 3. Is n prime?
True
Let s = 0 + 5. Suppose -3*a + s*a = 0. Suppose -m + 489 = -a*m. Is m a prime number?
False
Suppose 4*b - 83342 = -4*p + 16282, 0 = -5*b + 3*p + 124538. Is b prime?
True
Suppose 5*b - 1280 = n, 4*n - 1300 = -5*b + n. Let i(k) = -k**2 - 6*k - 5. Let u be i(-4). Suppose -r + 431 = 5*z, 0*r - r - b = -u*z. Is z prime?
False
Let l = 104866 - 51165. Is l a prime number?
False
Suppose -2*z + 3*i = 721, 0*i + 5 = i. Let h = z - -591. Is (-2 - 1)*h/(-6) a composite number?
True
Suppose -n + 1204 = -0*n. Let x = n - 687. Suppose -2*g - 3*w + x = 0, -2*w = -6 - 4. Is g a prime number?
True
Is 1612656/20 - 12/(-60) a composite number?
True
Let d be 6/(-39) + (-268)/(-52). Suppose d*m + p = 3*p, -4*p = -20. Suppose 7*q - 3*q + 325 = 3*z, 3*q - 194 = -m*z. Is z composite?
False
Let w = 390 - -1009. Is w a prime number?
True
Suppose 6*q - 10*q = -2*y - 2694, 2688 = 4*q + 4*y. Is q a composite number?
False
Let c be (-212)/(-18) + (-14)/(-63). Let f = c - 13. Let q(s) = 51*s**2. Is q(f) prime?
False
Let x = 677 - 194. Let f = x + -152. Is f a composite number?
False
Is (-4317)/(1/2*(-9 + 3)) a composite number?
False
Suppose -3*w = -203 - 12778. Is w composite?
False
Is -1*((-10)/2 + -1592) prime?
True
Suppose -2*i + 10 = -2. Suppose -2*t + 3*c + 232 = 0, t + 5*c + 585 = i*t. Suppose 2*w + t - 528 = -r, -r = -5*w + 1012. Is w a composite number?
True
Suppose 31*h - 27*h = -20. Is (0 - -10)/h - -81 a prime number?
True
Let h(x) = -x**3 - 2*x**2 + 2*x + 2757. Is h(0) a composite number?
True
Is -2*2*187192/(-32) a prime number?
True
Suppose -r = -3*x - 2*x + 12, 3*x + 4*r + 2 = 0. Suppose -x*k = -13*k + 30569. Is k prime?
False
Let g(v) = v**3 + 3*v**2 - 3*v + 4. Let m be g(-4). Suppose -3417 = -5*f - 2*u, m*f + 2*f = -4*u + 1354. Is f prime?
False
Suppose 0 = -21*t + 3737 + 442. Is t a composite number?
False
Let i be (-3 + (-20)/(-4))*2. Suppose -y + 6 = 2*w, -1 = -3*w + i*y - 3. Suppose 2*x + w*f + 0*f = 588, 0 = -2*f + 6. Is x prime?
False
Suppose -3*j + 4*c = -70529, -j + 47010 = j + 2*c. Is j a composite number?
True
Let g(m) = 3*m**2 - 17*m + 3. Let l be g(14). Let r = 798 + l. Is r composite?
False
Let i(u) = 12*u**2 - 3*u + 7. Let j be 5 + -5 + -2 + 6. Is i(j) prime?
False
Let j(m) = 3*m**2 - m. Let o be j(1). Let q be ((-3)/o)/(6/(-52)). Is (18/3)/(-3) + q composite?
False
Let w(t) = 23123*t**2 - 23*t - 23. Is w(-1) composite?
True
Let h be 11 + -7 - 1054/1. Let j = h - -1571. Is j composite?
False
Suppose -q = q + 8, 18 = 2*i - 2*q. Suppose i*v = 2*v - 18. Is (v/(-4))/(3/530) composite?
True
Let m(q) = 697*q**2 - 22*q + 9. Is m(-16) a composite number?
False
Let x = 11874 + -4759. Is x prime?
False
Let k(h) = -h**3 - 12*h**2 - h - 8. Let s be k(-12). Let w(z) = -2*z**2 - z + 1 - 2*z + 2*z**3 + z**3. Is w(s) a prime number?
True
Let d be 1541/3 + 1/3. Let o = d - 263. Is o composite?
False
Is 5/(-13 + 3)*-2174 prime?
True
Suppose v = -2*h + 5, v + 5 = 2*v + 4*h. Suppose -11*u + 666 = -v*u. Is u prime?
False
Suppose g = -0*i - 2*i, -4*i = g. Suppose 0*a - c + 391 = a, -4*a + 3*c + 1578 = i. Is a a composite number?
True
Is ((-4 - -12) + 2)*(-1397)/(-22) a composite number?
True
Let w(n) = -127*n**3 - 19*n**2 + 8*n - 85. Is w(-14) a composite number?
False
Suppose 3*d + c - 47878 = 0, -2*c + 63837 = 4*d - c. Is d a prime number?
True
Suppose -4*t = -0*t - 12652. Is t prime?
True
Let y = -67 + -59. Let a be y/15 + 4/10. Let z = 19 + a. Is z prime?
True
Let j be (-9)/(-2*(-3)/(-102)). Suppose -41 = -4*l - j. Is (-2002)/(-18) - l/(-126) a prime number?
False
Let v(l) = 25*l**2 + 11*l - 5. Is v(-15) composite?
True
Is 474/711 + 6806/6 a composite number?
True
Let m(s) = -12*s - 5. Suppose 4*p - 4*u + 5*u + 5 = 0, -12 = -4*u. Let i be p/((8/(-14))/(-2)). Is m(i) a composite number?
False
Suppose 5*p = 7*g - 3*g - 5, -3 = -5*g + 3*p. Suppose g = -7*j - 8*j + 25905. Is j composite?
True
Let w = -1923 + 913. Let n = 237 - w. Is n prime?
False
Suppose 4*b = -4*k + 3052, 0*k = 4*b + 3*k - 3056. Is b prime?
False
Suppose -6*c = -0 + 336. Let m = c + 32. Let p = m - -73. Is p prime?
False
Suppose 0 = -4*d + 12 - 4. Suppose -592 = -4*y - 4*k, 0 = -d*y - y - 4*k + 443. Is y a prime number?
True
Let v = -124793 + 272644. Is v a prime number?
False
Suppose -19 - 23 = -2*a - t, -3*a + 2*t = -70. Let s = a + -13. Is 504 + 1 + (-18)/s composite?
False
Let h(b) = -67*b - 172. Is h(-23) a prime number?
False
Let y = -15988 + 33611. Is y composite?
False
Suppose -2*o + 633 = o. Is o a composite number?
False
Let u(f) = f**3 - 7*f**2 + 7*f - 14. Let v = 7 + 0. Is u(v) a composite number?
True
Let l = 0 - -3. Suppose l = 3*c - 9. Suppose 0 = -c*a + 2124 - 496. Is a a composite number?
True
Let v = -14653 + 27114. Is v prime?
False
Let u(c) = 5449*c + 299. Is u(6) a prime number?
True
Let a = 16 + -23. Let b(z) = 16 + 4 - 3*z - 15 + 9*z**2. Is b(a) prime?
True
Is -6 + 1 + 6 + (2815 - 3) a composite number?
True
Suppose 2*x = -d - 18, -4*x = 5*d + x + 65. Let w be ((-12)/d)/((-9)/(-24)). Is (w + -10)*(-39)/6 a composite number?
True
Let h(j) = 20*j**2 + 76*j + 41. Is h(-20) composite?
False
Suppose -2*a = -7087 - 787. Is a prime?
False
Is -4*9/(-48)*4 + 11860 composite?
False
Suppose 3*v - 3066 = -4*a + 1245, -3228 = -3*a + 3*v. Is a prime?
False
Let h(k) = k**2 + 6*k + 11. Let o(b) = -